f 8626690350?
2, 3, 5, 2130047
List the prime factors of 951422152.
2, 71, 1675039
List the prime factors of 40292807.
40292807
What are the prime factors of 25366656?
2, 3, 7, 9437
List the prime factors of 2045567831.
971, 997, 2113
List the prime factors of 1313343742.
2, 12409, 52919
What are the prime factors of 161895237?
3, 7, 31, 431, 577
List the prime factors of 497405510.
2, 5, 7, 43, 257, 643
What are the prime factors of 1426232439?
3, 158470271
What are the prime factors of 110683293?
3, 7, 5270633
What are the prime factors of 534179780?
2, 5, 17, 89, 127, 139
List the prime factors of 32862983.
89, 369247
What are the prime factors of 565794606?
2, 3, 13, 7253777
List the prime factors of 44055236.
2, 2399, 4591
List the prime factors of 1489376232.
2, 3, 47, 67, 6569
List the prime factors of 662037760.
2, 5, 517217
List the prime factors of 352740914.
2, 176370457
List the prime factors of 163657222.
2, 19, 113, 38113
List the prime factors of 169808925.
3, 5, 11, 13, 71, 223
List the prime factors of 94005033.
3, 1951, 16061
List the prime factors of 7029657360.
2, 3, 5, 11, 295861
What are the prime factors of 3711194217?
3, 10321, 39953
List the prime factors of 402165499.
163, 1489, 1657
What are the prime factors of 51318687?
3, 7, 2443747
List the prime factors of 540095941.
7, 11, 47, 149239
What are the prime factors of 1065870627?
3, 43, 131, 63073
List the prime factors of 203643573.
3, 7, 101, 96013
List the prime factors of 103812166.
2, 17, 821, 3719
List the prime factors of 414805581.
3, 3181, 14489
What are the prime factors of 159276663?
3, 7, 13, 439, 443
What are the prime factors of 456309107?
456309107
List the prime factors of 1312106454.
2, 3, 211, 345473
What are the prime factors of 102928867?
102928867
What are the prime factors of 12436307?
13, 23, 41593
What are the prime factors of 159755453?
11, 13, 101561
List the prime factors of 2078363962.
2, 751, 1383731
List the prime factors of 40562268.
2, 3, 3380189
List the prime factors of 246434166.
2, 3, 11, 113147
List the prime factors of 511197154.
2, 13, 19661429
List the prime factors of 76904877.
3, 7, 3662137
List the prime factors of 36113945.
5, 7, 307, 3361
What are the prime factors of 825397268?
2, 47, 109, 857
What are the prime factors of 604469143?
101, 5984843
List the prime factors of 4132913871.
3, 53, 2153, 12073
List the prime factors of 234075920.
2, 5, 13, 173, 1301
List the prime factors of 1035717936.
2, 3, 11, 31, 63277
List the prime factors of 667767353.
11, 373, 162751
What are the prime factors of 391916102?
2, 1567, 125053
List the prime factors of 1009677286.
2, 5323, 94841
What are the prime factors of 1330693859?
11, 73, 1657153
List the prime factors of 2324888529.
3, 23039, 33637
What are the prime factors of 211957575?
3, 5, 2826101
List the prime factors of 2504678673.
3, 7, 89, 383, 3499
What are the prime factors of 5175698726?
2, 11, 235259033
List the prime factors of 3380332258.
2, 17, 487, 204151
List the prime factors of 492910507.
1277, 385991
List the prime factors of 2816399257.
7, 5381, 74771
List the prime factors of 243046132.
2, 7, 8680219
What are the prime factors of 122651791?
122651791
List the prime factors of 990919160.
2, 5, 7, 11, 19, 41, 59
What are the prime factors of 53303728?
2, 167, 19949
List the prime factors of 271430719.
7, 38775817
What are the prime factors of 4372629135?
3, 5, 7, 29, 1436003
List the prime factors of 1010432.
2, 3947
List the prime factors of 320707221.
3, 113, 797, 1187
What are the prime factors of 122705067?
3, 40901689
What are the prime factors of 197994485?
5, 13, 53, 4421
What are the prime factors of 734888364?
2, 3, 7, 23, 380377
What are the prime factors of 222815067?
3, 3877, 19157
List the prime factors of 4520369972.
2, 17, 271, 245299
What are the prime factors of 592842485?
5, 167, 709991
What are the prime factors of 1815758600?
2, 5, 1103, 8231
What are the prime factors of 4328084520?
2, 3, 5, 79, 152183
What are the prime factors of 651220602?
2, 3, 108536767
What are the prime factors of 3496434104?
2, 437054263
What are the prime factors of 20712082?
2, 37, 53, 5281
What are the prime factors of 1634751228?
2, 3, 11, 29, 509, 839
What are the prime factors of 1115282024?
2, 7307, 19079
What are the prime factors of 2362926623?
2351, 1005073
List the prime factors of 835017611.
17, 49118683
What are the prime factors of 59456425?
5, 7, 339751
What are the prime factors of 146423280?
2, 3, 5, 433, 1409
What are the prime factors of 2388936452?
2, 7, 85319159
List the prime factors of 8683170153.
3, 7, 31, 13338203
What are the prime factors of 11049819?
3, 11, 334843
List the prime factors of 1691314806.
2, 3, 251, 1123051
List the prime factors of 94423020.
2, 3, 5, 1573717
What are the prime factors of 101514796?
2, 19, 677, 1973
List the prime factors of 3035303835.
3, 5, 202353589
List the prime factors of 1643934124.
2, 7, 37, 397, 571
What are the prime factors of 218184087?
3, 11, 19, 347981
What are the prime factors of 318039352?
2, 43, 67, 13799
List the prime factors of 3952468134.
2, 3, 83, 2645561
List the prime factors of 4611105784.
2, 739, 773, 1009
List the prime factors of 2221031701.
7, 317290243
What are the prime factors of 6128944290?
2, 3, 5, 7, 47, 449, 461
List the prime factors of 136714939.
136714939
List the prime factors of 1876459767.
3, 7, 13, 83, 82813
List the prime factors of 80431607.
17, 4731271
What are the prime factors of 131520888?
2, 3, 19, 73, 439
List the prime factors of 373851577.
11, 2621, 12967
What are the prime factors of 38674168?
2, 13, 29, 12823
What are the prime factors of 2146057184?
2, 67064287
List the prime factors of 51398556.
2, 3, 11, 29, 463
List the prime factors of 35687236.
2, 13, 686293
List the prime factors of 86328980.
2, 5, 167, 25847
List the prime factors of 2641888015.
5, 13, 89, 456679
List the prime factors of 85084219.
11, 257, 30097
What are the prime factors of 135906462?
2, 3, 229, 32971
What are the prime factors of 1302299357?
2269, 573953
List the prime factors of 641134278.
2, 3, 61, 64879
What are the prime factors of 2892123606?
2, 3, 17, 28354153
List the prime factors of 974901851.
7, 11, 23, 599, 919
What are the prime factors of 502358320?
2, 5, 6279479
What are the prime factors of 484635518?
2, 47, 5155697
What are the prime factors of 5028705390?
2, 3, 5, 12911, 12983
What are the prime factors of 660271985?
5, 132054397
What are the prime factors of 35483695?
5, 13, 113, 4831
List the prime factors of 3552492379.
83, 42801113
List the prime factors of 54433037.
54433037
List the prime factors of 4697129614.
2, 17, 138150871
List the prime factors of 94864625.
5, 19, 59, 677
List the prime factors of 1937065072.
2, 233, 503, 1033
List the prime factors of 182796517.
227, 805271
What are the prime factors of 163419704?
2, 7, 416887
What are the prime factors of 304872796?
2, 449, 169751
What are the prime factors of 1011229726?
2, 13, 73, 139, 3833
What are the prime factors of 53525466?
2, 3, 107, 27791
List the prime factors of 572633803.
7, 283, 289063
List the prime factors of 466590898.
2, 797, 292717
What are the prime factors of 2854920090?
2, 3, 5, 11, 1373, 6301
What are the prime factors of 548512227?
3, 41, 353, 4211
What are the prime factors of 71800993?
11, 2371, 2753
List the prime factors of 2480471022.
2, 3, 6521, 63397
What are the prime factors of 7828500828?
2, 3, 233, 2799893
List the prime factors of 125516240.
2, 5, 877, 1789
What are the prime factors of 72605337?
3, 7, 3457397
List the prime factors of 74284752.
2, 3, 37, 151, 277
List the prime factors of 612308371.
977, 626723
List the prime factors of 2685903882.
2, 3, 17, 26332391
List the prime factors of 1183004175.
3, 5, 31, 43, 11833
List the prime factors of 220488142.
2, 7, 1489, 1511
What are the prime factors of 89454288?
2, 3, 7, 11, 24203
List the prime factors of 743921.
743921
What are the prime factors of 492438531?
3, 13, 29, 435401
List the prime factors of 137057603.
31, 4421213
List the prime factors of 485608214.
2, 7, 13, 2668177
What are the prime factors of 81015154?
2, 11, 23, 29, 5521
List the prime factors of 343913602.
2, 171956801
What are the p